 + 12 = -6. Calculate the greatest common divisor of z and 150.
6
Let r be -7 - -11 - (-1049 - (-2 - -2)). Calculate the highest common divisor of 390 and r.
39
Let z = 66 + -40. Let c(j) = -j**3 - 93*j**2 + 83*j - 956. Let d be c(-94). What is the greatest common factor of d and z?
26
Let m be 4/(-18) + ((-407)/(-9) - 1). Let p(g) = 14*g + 41. Let c be p(-13). Let d = -31 - c. What is the highest common factor of d and m?
22
Let d be (-6*1/(-4))/(33/13222). Suppose -3*t = 346 - d. Let m = -40 + 57. What is the highest common divisor of t and m?
17
Suppose 35*r - 1192 = 22153 + 39375. What is the greatest common factor of r and 308?
28
Let z(i) = -14*i + 106. Let r be z(6). What is the highest common divisor of 2673 and r?
11
Suppose 80*f - 82*f = -m - 5986, -5*f - 2*m + 14929 = 0. What is the highest common factor of 637 and f?
49
Let q be -5 + (-5 + 10 - -2964). Calculate the greatest common factor of q and 52.
52
Let w be 28/(-49) - 1671/(-21). Suppose 17*u - 23 = w. Calculate the greatest common divisor of u and 8.
2
Let y = -19646 + 19822. Calculate the highest common factor of y and 30536.
88
Let b(n) = -997*n + 6640. Let x be b(6). What is the greatest common factor of 280 and x?
14
Suppose 6*z - 11*z = 20. Let v be 1576/(-28) + z/(-14). Let k = v - -69. What is the greatest common divisor of 13 and k?
13
Let q be (-4)/9 - ((-11986)/117 - -12). What is the highest common divisor of q and 50?
10
Let o(y) = -y - 203. Let m(q) = -2*q - 3. Let x(g) = -4*m(g) + o(g). Let n be x(28). Calculate the greatest common factor of 45 and n.
5
Suppose 0 = -3*n - 18, -2847 = -5*q - n + 2947. What is the greatest common factor of q and 145?
145
Suppose 16*k - 11*k = 2*k + 2130. Calculate the highest common divisor of k and 110.
10
Let w = -3580 - -3582. Suppose 80 = 4*u + 5*g, -2*g + 2 = 10. What is the highest common divisor of u and w?
1
Let c(y) = 5*y + 2. Let s be c(1). Let v(t) = -78*t + 10. Let l be v(s). Let j = -366 - l. Calculate the highest common divisor of 34 and j.
34
Let a be (-26)/((-2)/(-4) - (-6)/(-4)). Suppose -46 = -6*u + a. Let r = -14 + 26. Calculate the highest common divisor of u and r.
12
Let w(k) = 401*k**2 - 180*k - 1. Let o be w(1). Calculate the highest common divisor of o and 1012.
44
Let h be (2 + 1)/((-2)/(-18)). Let v = -1002 - -1595. Let i = v - 296. Calculate the highest common factor of h and i.
27
Let t be (-9)/(-2)*(1 - 23/3). Let m be (-9)/(9/18 - t/(-51)). Calculate the highest common factor of 51 and m.
51
Let k be (534/10)/(12/(-300)). Let n = -711 - k. What is the greatest common factor of 96 and n?
48
Let u(v) = v**3 + 13*v**2 - 16*v + 12. Let o be u(-14). Suppose 39*x + o = 44*x. What is the highest common factor of 56 and x?
8
Let h = -163857 + 163860. Let q be ((-3)/(-2))/((-9)/(-168)). Let f = -16 + q. Calculate the greatest common factor of f and h.
3
Suppose q - 3*q - 8 = 0, a - 4*q = 16. Suppose -324 = 2*o - 5*g - 906, -5*o + 2*g + 1455 = a. Let t = o + -200. What is the greatest common factor of t and 13?
13
Suppose 26947 = 4*m + 4*d - 40617, -4*m = 2*d - 67572. What is the highest common factor of m and 155?
155
Let b(d) = 110*d + 479. Let r be b(-4). What is the highest common factor of 1248 and r?
39
Suppose -36*q + 2163 + 20805 = 0. Let l = q - 608. What is the highest common divisor of l and 420?
30
Let i = -1181 - -577. Let c = i - -656. What is the greatest common divisor of c and 65?
13
Suppose -3*z + 4*w - 24 = 0, -3*z = 8*w - 3*w - 3. Let i be (-55)/(-2) - 2/z*-3. What is the highest common factor of 26 and i?
26
Suppose -16*g = -6*g + 280. Let h be g/(-3)*(-72)/(-28)*7. Suppose 10*v - 120 = 5*v. What is the greatest common divisor of v and h?
24
Let r(b) = -3555*b**3 + 2*b**2 - 274*b - 555. Let m be r(-2). Calculate the highest common factor of 119 and m.
119
Let i = 2546 + -2410. Calculate the highest common factor of i and 680.
136
Let x(s) = 529*s - 2306. Let d be x(5). Calculate the greatest common factor of 3 and d.
3
Let y be (-78)/(-520) - 86937/(-20). Calculate the highest common divisor of y and 81.
27
Suppose 3*t - 7*i + 6*i = 24, 2 = -t - 3*i. Calculate the highest common factor of t and 1253.
7
Let n(t) = -11*t + 62*t**2 + 41*t**2 - 1 + 8*t. Let v(r) = -r + 2. Let w be v(3). Let b be n(w). Calculate the greatest common divisor of b and 35.
35
Let b(a) = -2*a**3 - 4*a + 7. Let s be b(2). Let t = 17 + s. Suppose -5*w - 2*n + 21 = t, 0 = 3*w + 2*n - 6 - 9. What is the greatest common divisor of 9 and w?
3
Let v = 351 + -314. Suppose 39*o - 3*z - 41 = v*o, -95 = -5*o + 5*z. Calculate the highest common factor of 4 and o.
4
Let o be 56/(-42)*(24633/6)/(-7). Suppose -8*d - 110 = -o. Calculate the greatest common factor of 4 and d.
4
Suppose 17 = 4*h + 5. Suppose -10 = -h*k + 17. Suppose -m = -b - 94, -4*m - b + 65 = -336. What is the highest common factor of m and k?
9
Let b = 360 - 352. Suppose -2*p = -4*p + 308. Suppose -p = -15*u + b*u. Calculate the greatest common factor of 154 and u.
22
Let h = 13 + -3. Suppose 2*q - h = -4*j, 5*j - q - 29 = 2*q. Suppose -b + j*d - 46 = -3*b, -73 = -5*b + 4*d. Calculate the highest common factor of 153 and b.
17
Let v = 5279 + -5043. Suppose -16 = 21*s - 23*s. Calculate the greatest common factor of s and v.
4
Suppose -4*w + 5*g - 37 = 0, 4*w = -w + 5*g - 40. Let n be (-2 - w) + 51*(-5)/(-15). What is the highest common factor of n and 12?
6
Suppose 0 = 5*i - 23 - 2. Suppose 3*w = -5*j + 7, 4*j - i*w - 4 = 9. Suppose -3*t + j*t = -18. What is the greatest common divisor of t and 6?
6
Let r be (-332)/498 - 650*(-3 - 43/(-15)). Let h be 860/8*(-4)/(-5). Calculate the highest common factor of r and h.
86
Let c = -2173 - -2753. What is the highest common divisor of 340 and c?
20
Let s be ((-6)/5)/(13/(-65)) + 15864. What is the greatest common factor of 23 and s?
23
Let f = 21 + -25. Let r be f + 287 + 1 - 4. Let t(b) = 12*b**2 - 4*b. Let i be t(2). What is the greatest common divisor of i and r?
40
Suppose 136*g - 157*g = -9408. Calculate the highest common divisor of g and 1536.
64
Let m(a) = 33*a + 30*a + 63 + 23*a - 91*a. Let t be m(12). What is the highest common factor of t and 183?
3
Let a(f) = 2*f**2 + 4*f - 4. Let b be (-2)/3 + 19/(-3). Let s be a(b). Let l(i) = -35*i + 4836. Let h be l(138). What is the highest common divisor of h and s?
6
Suppose -5*h - t + 2*t = 186, 72 = -2*h + t. Let r = h - -65. Let p = 57 - r. Calculate the highest common factor of 12 and p.
6
Suppose 2*q + 3*m = 19, m + 3 = 5*q - 2. Let w be (35/(-5) - -5 - 5) + 11. What is the highest common factor of w and q?
2
Let c(i) = -7*i + 30. Let t be c(8). Let w(b) = -b**2 - 30*b - 46. Let h be w(t). What is the greatest common factor of h and 87?
29
Suppose -p - 7 + 11 = 0. Suppose -53 = -5*r + p*r. Let g = -44 + r. What is the greatest common divisor of g and 18?
9
Suppose -2*a - 2*a - 252 = 0. Let b = a - -56. Let u = b + 33. Calculate the greatest common factor of u and 13.
13
Let x = 316 + -300. Suppose 225 = x*v - 95. What is the greatest common divisor of 70 and v?
10
Suppose -8*l - u - 107 = -10*l, -3*l + 3*u + 171 = 0. Suppose 133 = 5*x - 117. What is the highest common divisor of x and l?
50
Suppose -22*o + 43 + 67 = 0. Suppose w - 4*l + 13 = 0, 5*l - 35 = 6*w - w. Let y be w/((-75)/96)*o. Calculate the highest common factor of 8 and y.
8
Suppose a - 5*z = 734, 2*a = 2*z - 4*z + 1492. Suppose 4*c + 4*c - a = 0. Let k = c - 53. Calculate the greatest common divisor of 160 and k.
40
Let p be (-3912)/10*(-1 - -2 - (-1442)/(-42)). Calculate the greatest common factor of 240 and p.
80
Let n be 24*((-21)/(-6)*1 + -3). Calculate the highest common factor of 5268 and n.
12
Let a be (-12646)/(-14) - (8 - (-540)/(-70)). What is the greatest common divisor of a and 63?
21
Let m = -11 + 12. Let t(b) = 1 - 2 - 15*b**2 + 4*b**2 + 9*b**2 + 27*b**2. Let y be t(m). Calculate the highest common divisor of y and 120.
24
Let w(q) = -2*q**3 - 27*q**2 + 14*q - 5. Let i be w(-14). Let a be (i - 6)/(-22) + 67/2. What is the highest common factor of a and 34?
34
Suppose 4*u - 2*z = 1028 + 1756, -5*u + 3*z + 3483 = 0. Calculate the greatest common factor of 28 and u.
7
Suppose 0 = 5127*l - 5150*l + 1173. Calculate the highest common factor of 147 and l.
3
Let u = -5430 + 5651. What is 